
Suppose -215*n + 214*n = -1098. What is the tens digit of n?
9
Let r(d) = d**3 + 5*d**2 - 10*d - 8. Let n be r(-6). Let f be (-4)/(n/(-105))*-4. What is the tens digit of ((-24)/30)/(6/f)?
1
Suppose w = -3*w - 332. Let j = w + 9. What is the tens digit of j/(2/(-3)*3)?
3
Let d = 33 + -11. Let n = -7 + d. What is the tens digit of n?
1
Suppose -75*l = -15*l - 203640. What is the thousands digit of l?
3
Let v be 11 + (-6)/(-21) + 9/(-7). What is the tens digit of v/(-30) + 939/9?
0
Let m(l) = -2*l + 1. Let w be m(-2). Suppose -w*o = 3*s - 138, o - s - 30 = -4*s. What is the units digit of o?
7
Suppose -2*c - 7 = -3*b + 20, -5*b = 4*c + 87. Let k be ((-55)/(-15) + -4)*c. Suppose 90 = k*n - 4*n. What is the units digit of n?
5
Let u = -3 - -7. Let l = u + 8. Suppose -v + l - 1 = 0. What is the tens digit of v?
1
Let d(q) = -2*q**3 - 2*q**2 - 30*q - 2. What is the hundreds digit of d(-6)?
5
Let o(m) = -7*m**2 - 6*m - 5. Let f be o(-3). Let p = 175 + -105. Let n = p + f. What is the units digit of n?
0
Let t = 52 - -38. Let s = t + -29. What is the tens digit of s?
6
Let c = -767 + 2335. What is the tens digit of c?
6
Let p be (75 - -15) + (1 - -1). Suppose 5*v - u = 185, 4*v - p = 2*v + 4*u. What is the units digit of v?
6
Let r be 4/5*(-40)/(-16). Suppose r*c - 22 = -0*c. Suppose c = p + 3. What is the units digit of p?
8
Let p(v) = v**2 + 11*v - 11. Let w(h) = -h**3 + 2*h**2 + h - 18. Let n be w(0). What is the hundreds digit of p(n)?
1
Suppose 0*v = 3*v. Suppose -2*f - 2 = v, -7 = z - 3*z + f. What is the units digit of 15*z*1/5?
9
Suppose -3*m + 20 = m. Let t be (m + -3)/(0 - -1). Suppose 7*w - 70 = t*w. What is the tens digit of w?
1
Let k(b) = -7*b**2 - 11*b + 6. Let z(u) = 20*u**2 + 33*u - 17. Let o(g) = -17*k(g) - 6*z(g). Let s be -16 + 14 - (1 + 6). What is the tens digit of o(s)?
1
Suppose 19513 = 2*p + 17*p. What is the units digit of p?
7
Let y(d) = -446*d - 12. What is the hundreds digit of y(-1)?
4
Suppose 0 = 6*f - 142 - 788. Suppose o = -3*g + f, 5*o + 4*g + 148 - 978 = 0. What is the tens digit of o?
7
Let u(s) = -s**3 + 8*s**2 + 8*s - 2. Let k be u(7). Let z = 192 - k. What is the units digit of z?
9
Let a be 30/(-4)*(160/(-3))/5. Let r = a + -12. What is the tens digit of r?
6
Suppose 21*i = -i + 10098. What is the tens digit of i?
5
Let h be 3*(-39)/(-45) - 3/5. Suppose 0*s = -h*s + 44. What is the tens digit of s?
2
Suppose 22 = 4*k + 5*n, n = 5*k - 0*k - 42. Suppose 28 = k*q - 76. What is the units digit of q?
3
Let o be 1*(29 + 12/(-4)). Suppose -4*m - 17 = -5*a + 18, 4*m - 2*a = -o. Let u(n) = -9*n + 15. What is the units digit of u(m)?
0
Let l(u) = 17*u**2 + 5*u - 2. Let m be l(2). What is the tens digit of (5 - 1) + m + -9?
7
Let i = -301 + 1207. What is the tens digit of i?
0
Suppose 6*p = 1764 - 384. What is the units digit of p?
0
Let g = -22 - -4. Let x = 15 + g. Let k(w) = -w**3 + 4. What is the units digit of k(x)?
1
Let v = -57 + 99. Suppose d = -5*a + 7, 22 = 5*d - 4*a - v. What is the tens digit of d?
1
Let h(j) = -j**3 + 4*j**2 + 2*j - 5. Let o be h(4). Let a(i) = -36 + 64 - 27 + 6*i**2. What is the tens digit of a(o)?
5
Let g be 1/((5/210)/1). Let j = g - 35. What is the units digit of j?
7
Let s = -50 + 36. Let n = -3 - s. Suppose 2*o - 5*i = 3*o - 28, 2*o + i = n. What is the units digit of o?
3
Suppose 0 = a - y - 3, -5*y + 5 = -a + 6*a. Let l(c) = a - 3 - c + 0*c - c + 2*c**2. What is the tens digit of l(4)?
2
Let x = 141 - 75. Suppose x = w - 4*w. What is the units digit of (-4)/w + 450/66?
7
Let r = -826 - -2547. What is the tens digit of r?
2
What is the tens digit of (65*24/18)/((-2)/(-153))?
3
Let z(y) = -3*y + 20. Let i = -32 + 23. What is the units digit of z(i)?
7
Let q(x) = 44*x + 95. What is the units digit of q(20)?
5
Let f(h) = h**3 - 4*h**2 - 2*h - 12. Let s be f(5). Suppose 3*r + s*y + 126 = 0, -58 = 2*r - y + 32. What is the tens digit of (r - -6)*2/(-2)?
3
Let o = 578 - 1586. Suppose -4*h - 36 = 20. What is the tens digit of (o/(-98))/((-3)/h)?
4
What is the tens digit of 5 + (9 + -3 - 8 - -1146)?
4
Let g = -9 - -49. Suppose 9*d + 4*l - 211 = 4*d, d + 3*l = g. What is the tens digit of d?
4
Let z(m) = 6*m - 1. Let w be z(1). Suppose -4*o = -w + 13. What is the units digit of 25 + 3/(-1 - o)?
8
What is the units digit of (28/(-42) - (-238)/(-3))/(-1)?
0
Let d = -316 + 328. What is the tens digit of d?
1
Let g(q) = -q**3 + 7*q**2 + 4*q - 2. Let p = 16 - 16. Suppose 3*w = f + 8, p*w + w = -4*f + 33. What is the units digit of g(f)?
6
Let x(z) = 7*z + 0*z - 9 + 11*z. What is the tens digit of x(3)?
4
Suppose r = -p + 589 + 716, 0 = 4*r - 4*p - 5196. What is the tens digit of r?
0
Let k = 130 - -1468. What is the units digit of k?
8
Let p = 13 + -24. Let s(m) be the first derivative of -m**3/3 - 5*m**2 + 12*m + 5. What is the units digit of s(p)?
1
Suppose 10*j - 19293 = 6747. What is the thousands digit of j?
2
Let t be (4 - (2 + 0))/(8/76). Let z = t + 107. What is the tens digit of z?
2
Suppose -28 = 5*b - 12*b. Suppose 4*g - 335 = 5*l, b*l = 2*l + 2. What is the units digit of g?
5
What is the units digit of ((-4)/1)/(88/(-38302))?
1
Let n(p) = 4*p**3 - p**2 + 1. Let h be (4/(-2) - -3)*1. Let a be n(h). What is the tens digit of (a + -1)/((-3)/(-29))?
2
Suppose 3*u = -2 + 14. Suppose -w - 4*w = -20, u*w = -3*l + 61. What is the tens digit of l?
1
Suppose 2*u + 9 = 13. Suppose u*c + 3*o = 11, 38 + 9 = 5*c + o. What is the tens digit of c?
1
Suppose 3*f = 7*f + 4*l - 12, 0 = -5*f - 3*l + 23. Suppose 45 = 9*t - 4*t. Let n = f + t. What is the units digit of n?
6
Suppose 0 = -4*n - p - 110, -2*p - 54 = 5*n + 85. Let g be 1101/(-27) + 6/n. Let y = -24 - g. What is the tens digit of y?
1
Let i = -668 - -1138. What is the units digit of i?
0
What is the hundreds digit of (-13)/(13/651)*4/(-3)?
8
Suppose -11*d + 3077 = -20397. What is the tens digit of d?
3
Let p(a) = 2*a - 21. Let b be p(-10). Let q = 29 + b. Let c = 21 + q. What is the units digit of c?
9
Let l(p) = 224*p**2 - 20*p - 47. What is the units digit of l(-4)?
7
Let i = 12 - 28. Let s(f) = -f**3 - 15*f**2 + 14*f + 20. What is the tens digit of s(i)?
5
What is the hundreds digit of 0 + -7 - (11 - 892)?
8
Let i be (-5286)/33 - -1 - (-2)/11. What is the units digit of 54/45*5*i/(-6)?
9
Suppose 27 = 2*c + 1. Let v be (-15)/(-6) + 2/4. Let j = v + c. What is the units digit of j?
6
Let c = -207 - -481. What is the units digit of c?
4
Let k(b) = 2*b**2 - 13*b + 11. Suppose 2*n + 6 = -2*t + 20, 20 = 2*t + 4*n. Suppose c + 1 = -s + 10, -4*s = -c + t. What is the tens digit of k(c)?
3
Suppose -5*k = -9*k - 552. Let t = k - -228. What is the tens digit of t?
9
Suppose -3*r - 5 = -5*j, -17 = -6*j + 3*j - r. Suppose -5*g = -j*g + 13. What is the units digit of (1/(-3))/(g/741)?
9
Suppose -3*m + 5*y - 186 - 284 = 0, 0 = 4*m + 2*y + 618. Let x = m + 277. What is the hundreds digit of x?
1
Let f(d) = 2*d**2 - d - 3. Let a be f(3). Suppose 0 = -3*s + s + 14. Let j = a - s. What is the units digit of j?
5
Let n(b) = b**3 - 8*b**2 + 3*b - 10. Let d(l) = 4*l**3 - 25*l**2 + 10*l - 30. Let k(y) = -2*d(y) + 7*n(y). What is the units digit of k(-7)?
2
Let c = 2293 + 1640. What is the units digit of c?
3
Suppose -33*t + 232392 = 36*t. What is the units digit of t?
8
Let q(y) = y**3 - 10*y**2 - 11*y + 5. Let k be q(11). Suppose -5*m - 25 = 0, 0 = 4*h - 2*h - k*m - 41. Suppose 0*t - 2*t = -h. What is the units digit of t?
4
Suppose -34*v + 104000 = 16*v. What is the tens digit of v?
8
What is the thousands digit of (-8)/(-28) + (-339372)/(-154)?
2
Let n(z) = -z**3 - 14*z**2 + 17*z + 9. Suppose -30 = 3*m - m. Let t be n(m). Let q = t + 36. What is the tens digit of q?
1
Let i be ((-11)/(-11))/(2/(-38)). What is the tens digit of 1 - (i + -2 + -1)?
2
Suppose 5*w = -4*u + 5 - 42, 3*w + 3*u + 24 = 0. Let q(t) = -t**3 + 28*t**2 + 29*t - 8. Let j be q(29). What is the units digit of j/(-20) + (-98)/w?
0
Let l(d) = 6*d**2 - 6*d + 1. Let h be l(5). Let m = 336 - h. Suppose -3*g - m = -8*g. What is the units digit of g?
3
Let g(y) = y**3 + y**2 - y - 12. Let w be g(0). Let t = -8 - w. Suppose -2*d - t*s = 3*d - 109, 0 = -d - s + 22. What is the units digit of d?
1
Let q(o) = 8*o - 47. Let f(g) = 3*g - 14. Let x be f(12). What is the tens digit of q(x)?
2
Let r(f) = -